{"id":17,"date":"2016-06-27T20:59:30","date_gmt":"2016-06-27T18:59:30","guid":{"rendered":"http:\/\/www.ffneustift.at\/?page_id=17"},"modified":"2016-07-17T13:23:21","modified_gmt":"2016-07-17T11:23:21","slug":"chronik","status":"publish","type":"page","link":"https:\/\/www.ffneustift.at\/?page_id=17","title":{"rendered":"Chronik"},"content":{"rendered":"<p>Es war im Fr\u00fchling des Jahres 1908, als in meinem Herzen der Gedanke immer mehr Raum gewann, hierorts eine Feuerwehr zu errichten. Warum? Die im Orte vorhandenen L\u00f6schger\u00e4te waren veraltet, konnten nur als Notbehelfe betrachtet werden und standen seit einer Reihe von Jahren f\u00fcr den ausw\u00e4rtigen Dienst gar nicht mehr in Verwendung.<\/p>\n<p>Zweitens stimmte der Zeitpunkt. Im Jahre 1908 wurde in allen Landen \u00d6sterreichs das diamantene Jubil\u00e4um der Sr. Kaiserlichen und k\u00f6niglichen apostolischen Majest\u00e4t, unseres hei\u00dfgeliebten Kaisers Franz Josef I., festlich begangen, jenes erhabenen Herrschers, der ausdr\u00fccklich den Wunsch kundgab, dass in diesem Jubeljahre m\u00f6glichst viel Wohlt\u00e4tiges f\u00fcr die Menschheit geschaffen werden m\u00f6ge.<\/p>\n<p>Dass eine Feuerwehr schlecht sei, wagt heutzutage selbst der extremste Mensch nicht zu behaupten, ohne Gefahr zu laufen, von denkenden Menschen abgef\u00fchrt zu werden. Trotzdem war die Gr\u00fcndung der hiesigen Feuerwehr wahrlich keine leichte Geburt.<\/p>\n<p>Mit einer starken Gegenstr\u00f6mung musste der Kampf aufgenommen werden und es w\u00e4re kein Wunder gewesen, wenn der junge Verein im Keim wieder erstickt w\u00e4re.<\/p>\n<p>Ich will taktvoll sein und \u00fcber die Einzelheiten des wochenlangen aufregenden Ringens den Mantel der N\u00e4chstenliebe zu breiten. Ich habe f\u00fcr meine Gemeinde stets das Beste gewollt und es ging meinem Herzen sehr nahe, nicht verstanden worden zu sein &#8211; Behaarlichkeit f\u00fchrt zum Siege.<\/p>\n<p><a href=\"https:\/\/www.ffneustift.at\/wp-content\/uploads\/2016\/06\/k-FF-Neustift-10.jpg\" class=\"wplightbox\" data-group=\"gallery12\"><img loading=\"lazy\" decoding=\"async\" src=\"https:\/\/www.ffneustift.at\/wp-content\/uploads\/2016\/06\/k-FF-Neustift-10-300x219.jpg\" alt=\"k-FF-Neustift 10\" width=\"300\" height=\"219\" class=\"alignnone size-medium wp-image-195\" srcset=\"https:\/\/www.ffneustift.at\/wp-content\/uploads\/2016\/06\/k-FF-Neustift-10-300x219.jpg 300w, https:\/\/www.ffneustift.at\/wp-content\/uploads\/2016\/06\/k-FF-Neustift-10.jpg 640w\" sizes=\"auto, (max-width: 300px) 100vw, 300px\" \/><\/a><\/p>\n<p>Nicht einer der Gr\u00fcnder wurde abtr\u00fcnnig. Herr B\u00fcrgermeister Schuster, ein Mann des Fortschritts, ordnete die offiziellen, Anton Wagensonner, Gastwirt und Realit\u00e4tenbesitzer, im Verein mit den Herren Anton Schabl, WB und Theodor Schaller, Schmiedemeister die Geldangelegenheiten, indem die selben f\u00fcr das schuldige Anschaffungskapital bei der Engelmannsbrunner Raiffeisenkasse gutstanden. Die hohe k. u. k. n. \u00f6. Statthalterei bewilligte die Bildung der hiesigen freiwilligen Feuerwehr am 7. Mai 1908, Z.V\/2151. Die Konstituierung des Vereins fand am 22. Mai 1908 im Lokal des Herrn Anton Wagensonner statt. M\u00f6ge der junge Verein wachsen , bl\u00fchen und gedeihen. Gott zur Ehr&#8216;, dem n\u00e4chsten zur Wehr.<\/p>\n<p><strong>Neustift im Felde, im Mai 1908<br \/>\n<\/strong><br \/>\n<strong>Adalbert Hirsch, Gr\u00fcndungsmitglied der<br \/>\n<\/strong><br \/>\n<strong>Freiwilligen Feuerwehr Neustift im Felde<br \/>\n<\/strong><\/p>\n<p>Unter den tatkr\u00e4ftigen Leitung des Hauptmann-Stellvertreters Herrn Johann Zehetner erbaute der Verein im Jahre 1913 ein neues Spritzenhaus. Bauf\u00fchrer war Herr Johann Damb\u00f6ck, Maurermeister in Kirchberg am Wagram, welcher den Bau schnell, sch\u00f6n und billig ausf\u00fchrte. Der Verein ist Herrn Josef Weidinger , dzt. Hauptmann-Stellvertreter, zu gro\u00dfem Dank verpflichtet, weil dieser das zum Bau erforderliche Geld gegen m\u00e4\u00dfige Verzinsung vorstreckte.<\/p>\n<p><a href=\"https:\/\/www.ffneustift.at\/wp-content\/uploads\/2016\/06\/k-FF-Neustift-11-1.jpg\" class=\"wplightbox\" data-group=\"gallery12\"><img loading=\"lazy\" decoding=\"async\" src=\"https:\/\/www.ffneustift.at\/wp-content\/uploads\/2016\/06\/k-FF-Neustift-11-1-300x204.jpg\" alt=\"k-FF-Neustift 11-1\" width=\"300\" height=\"204\" class=\"alignnone size-medium wp-image-198\" srcset=\"https:\/\/www.ffneustift.at\/wp-content\/uploads\/2016\/06\/k-FF-Neustift-11-1-300x204.jpg 300w, https:\/\/www.ffneustift.at\/wp-content\/uploads\/2016\/06\/k-FF-Neustift-11-1.jpg 640w\" sizes=\"auto, (max-width: 300px) 100vw, 300px\" \/><\/a><\/p>\n<p><a href=\"https:\/\/www.ffneustift.at\/wp-content\/uploads\/2016\/06\/k-FF-Neustift-11-2.jpg\" class=\"wplightbox\" data-group=\"gallery12\"><img loading=\"lazy\" decoding=\"async\" src=\"https:\/\/www.ffneustift.at\/wp-content\/uploads\/2016\/06\/k-FF-Neustift-11-2-300x218.jpg\" alt=\"k-FF-Neustift 11-2\" width=\"300\" height=\"218\" class=\"alignnone size-medium wp-image-199\" srcset=\"https:\/\/www.ffneustift.at\/wp-content\/uploads\/2016\/06\/k-FF-Neustift-11-2-300x218.jpg 300w, https:\/\/www.ffneustift.at\/wp-content\/uploads\/2016\/06\/k-FF-Neustift-11-2.jpg 640w\" sizes=\"auto, (max-width: 300px) 100vw, 300px\" \/><\/a><\/p>\n<p><a href=\"https:\/\/www.ffneustift.at\/wp-content\/uploads\/2016\/06\/k-FF-Neustift-12.jpg\" class=\"wplightbox\" data-group=\"gallery12\"><img loading=\"lazy\" decoding=\"async\" src=\"https:\/\/www.ffneustift.at\/wp-content\/uploads\/2016\/06\/k-FF-Neustift-12-196x300.jpg\" alt=\"k-FF-Neustift 12\" width=\"196\" height=\"300\" class=\"alignnone size-medium wp-image-200\" srcset=\"https:\/\/www.ffneustift.at\/wp-content\/uploads\/2016\/06\/k-FF-Neustift-12-196x300.jpg 196w, https:\/\/www.ffneustift.at\/wp-content\/uploads\/2016\/06\/k-FF-Neustift-12.jpg 419w\" sizes=\"auto, (max-width: 196px) 100vw, 196px\" \/><\/a><\/p>\n<p><a href=\"https:\/\/www.ffneustift.at\/wp-content\/uploads\/2016\/06\/k-FF-Neustift-13.jpg\" class=\"wplightbox\" data-group=\"gallery12\"><img loading=\"lazy\" decoding=\"async\" src=\"https:\/\/www.ffneustift.at\/wp-content\/uploads\/2016\/06\/k-FF-Neustift-13-192x300.jpg\" alt=\"k-FF-Neustift 13\" width=\"192\" height=\"300\" class=\"alignnone size-medium wp-image-201\" srcset=\"https:\/\/www.ffneustift.at\/wp-content\/uploads\/2016\/06\/k-FF-Neustift-13-192x300.jpg 192w, https:\/\/www.ffneustift.at\/wp-content\/uploads\/2016\/06\/k-FF-Neustift-13.jpg 409w\" sizes=\"auto, (max-width: 192px) 100vw, 192px\" \/><\/a><\/p>\n<p><a href=\"https:\/\/www.ffneustift.at\/wp-content\/uploads\/2016\/06\/k-FF-Neustift-14-1.jpg\" class=\"wplightbox\" data-group=\"gallery12\"><img loading=\"lazy\" decoding=\"async\" src=\"https:\/\/www.ffneustift.at\/wp-content\/uploads\/2016\/06\/k-FF-Neustift-14-1-300x233.jpg\" alt=\"k-FF-Neustift 14-1\" width=\"300\" height=\"233\" class=\"alignnone size-medium wp-image-202\" srcset=\"https:\/\/www.ffneustift.at\/wp-content\/uploads\/2016\/06\/k-FF-Neustift-14-1-300x233.jpg 300w, https:\/\/www.ffneustift.at\/wp-content\/uploads\/2016\/06\/k-FF-Neustift-14-1.jpg 640w\" sizes=\"auto, (max-width: 300px) 100vw, 300px\" \/><\/a><\/p>\n<p><a href=\"https:\/\/www.ffneustift.at\/wp-content\/uploads\/2016\/06\/k-FF-Neustift-14-2.jpg\" class=\"wplightbox\" data-group=\"gallery12\"><img loading=\"lazy\" decoding=\"async\" src=\"https:\/\/www.ffneustift.at\/wp-content\/uploads\/2016\/06\/k-FF-Neustift-14-2-300x220.jpg\" alt=\"k-FF-Neustift 14-2\" width=\"300\" height=\"220\" class=\"alignnone size-medium wp-image-204\" srcset=\"https:\/\/www.ffneustift.at\/wp-content\/uploads\/2016\/06\/k-FF-Neustift-14-2-300x220.jpg 300w, https:\/\/www.ffneustift.at\/wp-content\/uploads\/2016\/06\/k-FF-Neustift-14-2.jpg 640w\" sizes=\"auto, (max-width: 300px) 100vw, 300px\" \/><\/a><\/p>\n<p><a href=\"https:\/\/www.ffneustift.at\/wp-content\/uploads\/2016\/06\/k-FF-Neustift-15-1.jpg\" class=\"wplightbox\" data-group=\"gallery12\"><img loading=\"lazy\" decoding=\"async\" src=\"https:\/\/www.ffneustift.at\/wp-content\/uploads\/2016\/06\/k-FF-Neustift-15-1-300x230.jpg\" alt=\"k-FF-Neustift 15-1\" width=\"300\" height=\"230\" class=\"alignnone size-medium wp-image-205\" srcset=\"https:\/\/www.ffneustift.at\/wp-content\/uploads\/2016\/06\/k-FF-Neustift-15-1-300x230.jpg 300w, https:\/\/www.ffneustift.at\/wp-content\/uploads\/2016\/06\/k-FF-Neustift-15-1.jpg 640w\" sizes=\"auto, (max-width: 300px) 100vw, 300px\" \/><\/a><\/p>\n<p><a href=\"https:\/\/www.ffneustift.at\/wp-content\/uploads\/2016\/06\/k-FF-Neustift-15-2.jpg\" class=\"wplightbox\" data-group=\"gallery12\"><img loading=\"lazy\" decoding=\"async\" src=\"https:\/\/www.ffneustift.at\/wp-content\/uploads\/2016\/06\/k-FF-Neustift-15-2-300x220.jpg\" alt=\"k-FF-Neustift 15-2\" width=\"300\" height=\"220\" class=\"alignnone size-medium wp-image-206\" srcset=\"https:\/\/www.ffneustift.at\/wp-content\/uploads\/2016\/06\/k-FF-Neustift-15-2-300x220.jpg 300w, https:\/\/www.ffneustift.at\/wp-content\/uploads\/2016\/06\/k-FF-Neustift-15-2.jpg 640w\" sizes=\"auto, (max-width: 300px) 100vw, 300px\" \/><\/a><\/p>\n<p><a href=\"https:\/\/www.ffneustift.at\/wp-content\/uploads\/2016\/06\/k-FF-Neustift-16-1.jpg\" class=\"wplightbox\" data-group=\"gallery12\"><img loading=\"lazy\" decoding=\"async\" src=\"https:\/\/www.ffneustift.at\/wp-content\/uploads\/2016\/06\/k-FF-Neustift-16-1-300x220.jpg\" alt=\"k-FF-Neustift 16-1\" width=\"300\" height=\"220\" class=\"alignnone size-medium wp-image-207\" srcset=\"https:\/\/www.ffneustift.at\/wp-content\/uploads\/2016\/06\/k-FF-Neustift-16-1-300x220.jpg 300w, https:\/\/www.ffneustift.at\/wp-content\/uploads\/2016\/06\/k-FF-Neustift-16-1.jpg 640w\" sizes=\"auto, (max-width: 300px) 100vw, 300px\" \/><\/a><\/p>\n<p><a href=\"https:\/\/www.ffneustift.at\/wp-content\/uploads\/2016\/06\/k-FF-Neustift-16-2.jpg\" class=\"wplightbox\" data-group=\"gallery12\"><img loading=\"lazy\" decoding=\"async\" src=\"https:\/\/www.ffneustift.at\/wp-content\/uploads\/2016\/06\/k-FF-Neustift-16-2-300x233.jpg\" alt=\"k-FF-Neustift 16-2\" width=\"300\" height=\"233\" class=\"alignnone size-medium wp-image-208\" srcset=\"https:\/\/www.ffneustift.at\/wp-content\/uploads\/2016\/06\/k-FF-Neustift-16-2-300x233.jpg 300w, https:\/\/www.ffneustift.at\/wp-content\/uploads\/2016\/06\/k-FF-Neustift-16-2.jpg 640w\" sizes=\"auto, (max-width: 300px) 100vw, 300px\" \/><\/a><\/p>\n<p><a href=\"https:\/\/www.ffneustift.at\/wp-content\/uploads\/2016\/06\/k-FF-Neustift-17-1.jpg\" class=\"wplightbox\" data-group=\"gallery12\"><img loading=\"lazy\" decoding=\"async\" src=\"https:\/\/www.ffneustift.at\/wp-content\/uploads\/2016\/06\/k-FF-Neustift-17-1-300x230.jpg\" alt=\"k-FF-Neustift 17-1\" width=\"300\" height=\"230\" class=\"alignnone size-medium wp-image-209\" srcset=\"https:\/\/www.ffneustift.at\/wp-content\/uploads\/2016\/06\/k-FF-Neustift-17-1-300x230.jpg 300w, https:\/\/www.ffneustift.at\/wp-content\/uploads\/2016\/06\/k-FF-Neustift-17-1.jpg 640w\" sizes=\"auto, (max-width: 300px) 100vw, 300px\" \/><\/p>\n<p><a href=\"https:\/\/www.ffneustift.at\/wp-content\/uploads\/2016\/06\/k-FF-Neustift-17-2.jpg\" class=\"wplightbox\" data-group=\"gallery12\"><img loading=\"lazy\" decoding=\"async\" src=\"https:\/\/www.ffneustift.at\/wp-content\/uploads\/2016\/06\/k-FF-Neustift-17-2-300x221.jpg\" alt=\"k-FF-Neustift 17-2\" width=\"300\" height=\"221\" class=\"alignnone size-medium wp-image-210\" srcset=\"https:\/\/www.ffneustift.at\/wp-content\/uploads\/2016\/06\/k-FF-Neustift-17-2-300x221.jpg 300w, https:\/\/www.ffneustift.at\/wp-content\/uploads\/2016\/06\/k-FF-Neustift-17-2.jpg 640w\" sizes=\"auto, (max-width: 300px) 100vw, 300px\" \/><\/p>\n<p><strong>Mannschaft im Jubil\u00e4umsjahr 2008 der freiwilligen Feuerwehr Neustift im Felde<\/strong><\/p>\n<p><a href=\"https:\/\/www.ffneustift.at\/wp-content\/uploads\/2016\/06\/k-FF-Neustift-22-23.jpg\" class=\"wplightbox\" data-group=\"gallery12\"><img loading=\"lazy\" decoding=\"async\" src=\"https:\/\/www.ffneustift.at\/wp-content\/uploads\/2016\/06\/k-FF-Neustift-22-23-300x159.jpg\" alt=\"k-FF-Neustift 22-23\" width=\"300\" height=\"159\" class=\"alignnone size-medium wp-image-231\" srcset=\"https:\/\/www.ffneustift.at\/wp-content\/uploads\/2016\/06\/k-FF-Neustift-22-23-300x159.jpg 300w, https:\/\/www.ffneustift.at\/wp-content\/uploads\/2016\/06\/k-FF-Neustift-22-23.jpg 640w\" sizes=\"auto, (max-width: 300px) 100vw, 300px\" \/><\/a><\/p>\n<p>1. Reihe sitzend von l.: Leopold Uhl, Rudolf Sch\u00f6fer sen., Walter Doppler, Karl Zimmermann sen., Egbert Groi\u00df, Anton Wagensonner jun., Helmut Hoffmann jun., Anton Wagensonner sen., Anton Schiel sen., Karl Zimmermann jun.,<\/p>\n<p>2. Reihe stehend v. l.: Herbert Schiel, Rudolf Sch\u00f6fer jun., Alfred S\u00f6llner, Gerhard Walzer, Franz Sigl, Mario Maringer, Anton Schiel jun., Helmut Hoffmann sen., Franz Korn, Walter Eder, Christian Kolm, Franz Baum<\/p>\n<p>3. Reihe stehend v. l.: G\u00fcnther Payer, Manfred Dasch\u00fctz, Franz Maringer, Christian Maringer, Gerhard Maringer, Norbert Markl, Christian Neiber, Leopold Neiber, franz Leuthner, Gerhard Baum, Thomas Maringer<\/p>\n<p><strong>\u00dcbungen und Bewerbe der freiwilligen Feuerwehr Neustift<\/strong><\/p>\n<div class=\"flexslider ewic-slider-lite is_on_\" id=\"ewic-con-23569f4a8ff33964\"><style>#ewic-con-23569f4a8ff33964 .flex-direction-nav .flex-next, #ewic-con-23569f4a8ff33964 .flex-direction-nav .flex-prev {opacity: 1;} #ewic-con-23569f4a8ff33964 .flex-direction-nav .flex-next {right: 10px !important; text-align: right !important;} #ewic-con-23569f4a8ff33964 .flex-direction-nav .flex-prev {left: 10px !important;}<\/style><div id=\"preloader-23569f4a8ff33964\" class=\"sliderpreloader\"><\/div><ul style=\"display:none;\" class=\"slides flexslider-23569f4a8ff33964\"><li class=\"ewic-slider\"><a href=\"https:\/\/www.ffneustift.at\/wp-content\/uploads\/2016\/07\/k-FF-Neustift-28-1.jpg\" title=\"Bewerbsgruppe Neustift Im Felde 1955\" rel=\"ewicprettyPhoto[23569f4a8ff33964]\"><img decoding=\"async\" title=\"Bewerbsgruppe Neustift Im Felde 1955\" class=\"ewic-wid-imgs\" src=\"https:\/\/www.ffneustift.at\/wp-content\/uploads\/2016\/07\/k-FF-Neustift-28-1.jpg\" \/><p class=\"flex-caption\">Bewerbsgruppe Neustift Im Felde 1955<\/p><\/a><\/li><li class=\"ewic-slider\"><a href=\"https:\/\/www.ffneustift.at\/wp-content\/uploads\/2016\/07\/k-FF-Neustift-29-3.jpg\" title=\"Bewerbsgruppe Neustift Im Felde 1977 Beim AFLB In Grafenw\u00f6rth\" rel=\"ewicprettyPhoto[23569f4a8ff33964]\"><img decoding=\"async\" title=\"Bewerbsgruppe Neustift Im Felde 1977 Beim AFLB In Grafenw\u00f6rth\" class=\"ewic-wid-imgs\" src=\"https:\/\/www.ffneustift.at\/wp-content\/uploads\/2016\/07\/k-FF-Neustift-29-3.jpg\" \/><p class=\"flex-caption\">Bewerbsgruppe Neustift Im Felde 1977 Beim AFLB In Grafenw\u00f6rth<\/p><\/a><\/li><li class=\"ewic-slider\"><a href=\"https:\/\/www.ffneustift.at\/wp-content\/uploads\/2016\/07\/k-FF-Neustift-28-2.jpg\" title=\"Bewerbsgruppe Neustift Im Felde 1981\" rel=\"ewicprettyPhoto[23569f4a8ff33964]\"><img decoding=\"async\" title=\"Bewerbsgruppe Neustift Im Felde 1981\" class=\"ewic-wid-imgs\" src=\"https:\/\/www.ffneustift.at\/wp-content\/uploads\/2016\/07\/k-FF-Neustift-28-2.jpg\" \/><p class=\"flex-caption\">Bewerbsgruppe Neustift Im Felde 1981<\/p><\/a><\/li><li class=\"ewic-slider\"><a href=\"https:\/\/www.ffneustift.at\/wp-content\/uploads\/2016\/07\/k-FF-Neustift-29-1.jpg\" title=\"Bewerbsgruppe Neustift Im Felde 1995 Beim AFLB In Kollersdorf\" rel=\"ewicprettyPhoto[23569f4a8ff33964]\"><img decoding=\"async\" title=\"Bewerbsgruppe Neustift Im Felde 1995 Beim AFLB In Kollersdorf\" class=\"ewic-wid-imgs\" src=\"https:\/\/www.ffneustift.at\/wp-content\/uploads\/2016\/07\/k-FF-Neustift-29-1.jpg\" \/><p class=\"flex-caption\">Bewerbsgruppe Neustift Im Felde 1995 Beim AFLB In Kollersdorf<\/p><\/a><\/li><li class=\"ewic-slider\"><a href=\"https:\/\/www.ffneustift.at\/wp-content\/uploads\/2016\/07\/k-FF-Neustift-29-2.jpg\" title=\"Bewerbsgruppe Neustift Im Felde 1996 Beim LFLB In St. P\u00f6lten\" rel=\"ewicprettyPhoto[23569f4a8ff33964]\"><img decoding=\"async\" title=\"Bewerbsgruppe Neustift Im Felde 1996 Beim LFLB In St. P\u00f6lten\" class=\"ewic-wid-imgs\" src=\"https:\/\/www.ffneustift.at\/wp-content\/uploads\/2016\/07\/k-FF-Neustift-29-2.jpg\" \/><p class=\"flex-caption\">Bewerbsgruppe Neustift Im Felde 1996 Beim LFLB In St. P\u00f6lten<\/p><\/a><\/li><li class=\"ewic-slider\"><a href=\"https:\/\/www.ffneustift.at\/wp-content\/uploads\/2016\/07\/k-FF-Neustift-30-1.jpg\" title=\"Siegerverk\u00fcndung Beim AFLB In Neustift 1994\" rel=\"ewicprettyPhoto[23569f4a8ff33964]\"><img decoding=\"async\" title=\"Siegerverk\u00fcndung Beim AFLB In Neustift 1994\" class=\"ewic-wid-imgs\" src=\"https:\/\/www.ffneustift.at\/wp-content\/uploads\/2016\/07\/k-FF-Neustift-30-1.jpg\" \/><p class=\"flex-caption\">Siegerverk\u00fcndung Beim AFLB In Neustift 1994<\/p><\/a><\/li><li class=\"ewic-slider\"><a href=\"https:\/\/www.ffneustift.at\/wp-content\/uploads\/2016\/07\/k-FF-Neustift-28-3.jpg\" title=\"Bewerbsgruppe Neustift Im Felde 1998 Beim LFLB In Ternitz\" rel=\"ewicprettyPhoto[23569f4a8ff33964]\"><img decoding=\"async\" title=\"Bewerbsgruppe Neustift Im Felde 1998 Beim LFLB In Ternitz\" class=\"ewic-wid-imgs\" src=\"https:\/\/www.ffneustift.at\/wp-content\/uploads\/2016\/07\/k-FF-Neustift-28-3.jpg\" \/><p class=\"flex-caption\">Bewerbsgruppe Neustift Im Felde 1998 Beim LFLB In Ternitz<\/p><\/a><\/li><li class=\"ewic-slider\"><a href=\"https:\/\/www.ffneustift.at\/wp-content\/uploads\/2016\/07\/k-FF-Neustift-30-2.jpg\" title=\"Bewerbsgruppe Neustift Im Felde 2008 Beim LFLB In Amstetten\" rel=\"ewicprettyPhoto[23569f4a8ff33964]\"><img decoding=\"async\" title=\"Bewerbsgruppe Neustift Im Felde 2008 Beim LFLB In Amstetten\" class=\"ewic-wid-imgs\" src=\"https:\/\/www.ffneustift.at\/wp-content\/uploads\/2016\/07\/k-FF-Neustift-30-2.jpg\" \/><p class=\"flex-caption\">Bewerbsgruppe Neustift Im Felde 2008 Beim LFLB In Amstetten<\/p><\/a><\/li><li class=\"ewic-slider\"><a href=\"https:\/\/www.ffneustift.at\/wp-content\/uploads\/2016\/07\/k-FF-Neustift-30-3.jpg\" title=\"AFLB 2008 In Neustift\" rel=\"ewicprettyPhoto[23569f4a8ff33964]\"><img decoding=\"async\" title=\"AFLB 2008 In Neustift\" class=\"ewic-wid-imgs\" src=\"https:\/\/www.ffneustift.at\/wp-content\/uploads\/2016\/07\/k-FF-Neustift-30-3.jpg\" \/><p class=\"flex-caption\">AFLB 2008 In Neustift<\/p><\/a><\/li><li class=\"ewic-slider\"><a href=\"https:\/\/www.ffneustift.at\/wp-content\/uploads\/2016\/07\/k-FF-Neustift-31-2.jpg\" title=\"Bewerbsgruppe Neustift Im Felde 2008 Beim AFLB In Neuaigen\" rel=\"ewicprettyPhoto[23569f4a8ff33964]\"><img decoding=\"async\" title=\"Bewerbsgruppe Neustift Im Felde 2008 Beim AFLB In Neuaigen\" class=\"ewic-wid-imgs\" src=\"https:\/\/www.ffneustift.at\/wp-content\/uploads\/2016\/07\/k-FF-Neustift-31-2.jpg\" \/><p class=\"flex-caption\">Bewerbsgruppe Neustift Im Felde 2008 Beim AFLB In Neuaigen<\/p><\/a><\/li><\/ul><script type=\"text\/javascript\">\r\n\tjQuery(document).ready(function($) {\r\n\r\n\t\t$(\"#preloader-23569f4a8ff33964\").fadeOut(500, function () {\r\n\r\n\t\t\t$(\"#ewic-con-23569f4a8ff33964\").addClass(\"ready_to_show\");\r\n\r\n\t\t\t$(\"a[rel^='ewicprettyPhoto[23569f4a8ff33964]']\").ewcPhoto({\r\n\t\t\t\ttheme: \"ewc_default\",\r\n\t\t\t\tallow_expand: false,\r\n\t\t\t\tdeeplinking: false,\r\n\t\t\t\tslideshow:5000,\r\n\t\t\t\tautoplay_slideshow:true,\r\n\t\t\t\tsocial_tools:false\r\n\t\t\t});\r\n\r\n\t\t\t$(\".flexslider-23569f4a8ff33964\").fadeIn(300);\r\n\r\n\t\t\t$(\"#ewic-con-23569f4a8ff33964\").flexslider({\r\n\t\t\t\tanimation: \"slide\",\r\n\t\t\t\tanimationSpeed: 0,\r\n\t\t\t\tuseCSS: false,\r\n\t\t\t\teasing: \"easeInQuad\",\r\n\t\t\t\tdirection: \"horizontal\",\r\n\t\t\t\tslideshow: true,\r\n\t\t\t\tsmoothHeight: true,\r\n\t\t\t\tpauseOnHover: true,\r\n\t\t\t\tcontrolNav: false,\r\n\t\t\t\tprevText: \"\",\r\n\t\t\t\tnextText: \"\",\r\n\t\t\t\trtl: false,\r\n\t\t\t\tslideshowSpeed: 5000,\r\n\t\t\t\tstart: function(slider){\r\n\t\t\t\t\t$(\"#ewic-con-23569f4a8ff33964\").find(\".flex-caption\").hide();\r\n\t\t\t\t\tvar curSlide = slider.find(\"li.flex-active-slide\");\r\n\t\t\t\t\t$(curSlide).find(\".flex-caption\").slideDown();\r\n\t\t\t\t},\r\n\t\t\t\tbefore: function(slider) {\r\n\t\t\t\t\t$(\"#ewic-con-23569f4a8ff33964\").find(\".flex-caption\").slideUp();\r\n\t\t\t\t},\r\n\t\t\t\tafter: function(slider) {\r\n\t\t\t\t\tvar curSlide = slider.find(\"li.flex-active-slide\");\r\n\t\t\t\t\t$(curSlide).find(\".flex-caption\").slideDown();\r\n\t\t\t\t}\r\n\r\n\t\t\t});\r\n\r\n\t\t});\r\n\r\n\t});\r\n<\/script><\/div>\r\n\n<p><strong>Umbau des Feuerwehrhauses 1988<\/strong><\/p>\n<p><a href=\"https:\/\/www.ffneustift.at\/wp-content\/uploads\/2016\/06\/k-FF-Neustift-35-3.jpg\" class=\"wplightbox\" data-group=\"gallery12\"><img loading=\"lazy\" decoding=\"async\" src=\"https:\/\/www.ffneustift.at\/wp-content\/uploads\/2016\/07\/k-FF-Neustift-35-3-300x217.jpg\" alt=\"k-FF-Neustift 35-3\" width=\"300\" height=\"217\" class=\"alignnone size-medium wp-image-251\" srcset=\"https:\/\/www.ffneustift.at\/wp-content\/uploads\/2016\/07\/k-FF-Neustift-35-3-300x217.jpg 300w, https:\/\/www.ffneustift.at\/wp-content\/uploads\/2016\/07\/k-FF-Neustift-35-3.jpg 640w\" sizes=\"auto, (max-width: 300px) 100vw, 300px\" \/><\/p>\n<p><a href=\"https:\/\/www.ffneustift.at\/wp-content\/uploads\/2016\/06\/k-FF-Neustift-35-2.jpg\" class=\"wplightbox\" data-group=\"gallery12\"><img loading=\"lazy\" decoding=\"async\" src=\"https:\/\/www.ffneustift.at\/wp-content\/uploads\/2016\/07\/k-FF-Neustift-35-2-186x300.jpg\" alt=\"k-FF-Neustift 35-2\" width=\"186\" height=\"300\" class=\"alignnone size-medium wp-image-250\" srcset=\"https:\/\/www.ffneustift.at\/wp-content\/uploads\/2016\/07\/k-FF-Neustift-35-2-186x300.jpg 186w, https:\/\/www.ffneustift.at\/wp-content\/uploads\/2016\/07\/k-FF-Neustift-35-2.jpg 396w\" sizes=\"auto, (max-width: 186px) 100vw, 186px\" \/><\/p>\n<p><a href=\"https:\/\/www.ffneustift.at\/wp-content\/uploads\/2016\/06\/k-FF-Neustift-35-1.jpg\" class=\"wplightbox\" data-group=\"gallery12\"><img loading=\"lazy\" decoding=\"async\" src=\"https:\/\/www.ffneustift.at\/wp-content\/uploads\/2016\/07\/k-FF-Neustift-35-1-300x197.jpg\" alt=\"k-FF-Neustift 35-1\" width=\"300\" height=\"197\" class=\"alignnone size-medium wp-image-249\" srcset=\"https:\/\/www.ffneustift.at\/wp-content\/uploads\/2016\/07\/k-FF-Neustift-35-1-300x197.jpg 300w, https:\/\/www.ffneustift.at\/wp-content\/uploads\/2016\/07\/k-FF-Neustift-35-1.jpg 640w\" sizes=\"auto, (max-width: 300px) 100vw, 300px\" \/><\/p>\n<p><strong>Ger\u00e4te und Fahrzeuge der Freiwilligen Feuerwehr Neustift<\/strong><\/p>\n<p><a href=\"https:\/\/www.ffneustift.at\/wp-content\/uploads\/2016\/06\/k-FF-Neustift-36-1.jpg\" class=\"wplightbox\" data-group=\"gallery12\"><img loading=\"lazy\" decoding=\"async\" src=\"https:\/\/www.ffneustift.at\/wp-content\/uploads\/2016\/06\/k-FF-Neustift-36-1-300x214.jpg\" alt=\"k-FF-Neustift 36-1\" width=\"300\" height=\"214\" class=\"alignnone size-medium wp-image-253\" srcset=\"https:\/\/www.ffneustift.at\/wp-content\/uploads\/2016\/06\/k-FF-Neustift-36-1-300x214.jpg 300w, https:\/\/www.ffneustift.at\/wp-content\/uploads\/2016\/06\/k-FF-Neustift-36-1.jpg 640w\" sizes=\"auto, (max-width: 300px) 100vw, 300px\" \/><\/p>\n","protected":false},"excerpt":{"rendered":"<p>Es war im Fr\u00fchling des Jahres 1908, als in meinem Herzen der Gedanke immer mehr Raum gewann, hierorts eine Feuerwehr zu errichten. Warum? Die im Orte vorhandenen L\u00f6schger\u00e4te waren veraltet, konnten nur als Notbehelfe betrachtet werden und standen seit einer Reihe von Jahren f\u00fcr den ausw\u00e4rtigen Dienst gar nicht mehr in Verwendung. Zweitens stimmte der [&hellip;]<\/p>\n","protected":false},"author":1,"featured_media":0,"parent":0,"menu_order":0,"comment_status":"closed","ping_status":"closed","template":"","meta":{"jetpack_post_was_ever_published":false,"footnotes":""},"class_list":["post-17","page","type-page","status-publish","hentry"],"jetpack_sharing_enabled":true,"jetpack_shortlink":"https:\/\/wp.me\/P9x3fP-h","_links":{"self":[{"href":"https:\/\/www.ffneustift.at\/index.php?rest_route=\/wp\/v2\/pages\/17","targetHints":{"allow":["GET"]}}],"collection":[{"href":"https:\/\/www.ffneustift.at\/index.php?rest_route=\/wp\/v2\/pages"}],"about":[{"href":"https:\/\/www.ffneustift.at\/index.php?rest_route=\/wp\/v2\/types\/page"}],"author":[{"embeddable":true,"href":"https:\/\/www.ffneustift.at\/index.php?rest_route=\/wp\/v2\/users\/1"}],"replies":[{"embeddable":true,"href":"https:\/\/www.ffneustift.at\/index.php?rest_route=%2Fwp%2Fv2%2Fcomments&post=17"}],"version-history":[{"count":36,"href":"https:\/\/www.ffneustift.at\/index.php?rest_route=\/wp\/v2\/pages\/17\/revisions"}],"predecessor-version":[{"id":256,"href":"https:\/\/www.ffneustift.at\/index.php?rest_route=\/wp\/v2\/pages\/17\/revisions\/256"}],"wp:attachment":[{"href":"https:\/\/www.ffneustift.at\/index.php?rest_route=%2Fwp%2Fv2%2Fmedia&parent=17"}],"curies":[{"name":"wp","href":"https:\/\/api.w.org\/{rel}","templated":true}]}}